s divided by 501.
500
Calculate the remainder when 52715 is divided by 52683.
32
Calculate the remainder when 2727 is divided by 1362.
3
What is the remainder when 20379 is divided by 170?
149
What is the remainder when 41686 is divided by 13870?
76
Calculate the remainder when 49535 is divided by 128.
127
Calculate the remainder when 118082 is divided by 449.
444
What is the remainder when 2918 is divided by 406?
76
Calculate the remainder when 12051 is divided by 2003.
33
Calculate the remainder when 341487 is divided by 149.
128
Calculate the remainder when 9156 is divided by 8.
4
Calculate the remainder when 28763 is divided by 68.
67
What is the remainder when 1961 is divided by 248?
225
What is the remainder when 2439 is divided by 1209?
21
Calculate the remainder when 37609 is divided by 2089.
7
Calculate the remainder when 575251 is divided by 86.
83
What is the remainder when 48144 is divided by 17?
0
Calculate the remainder when 76790 is divided by 1371.
14
Calculate the remainder when 441 is divided by 4.
1
Calculate the remainder when 44448 is divided by 276.
12
Calculate the remainder when 15587 is divided by 36.
35
Calculate the remainder when 3529 is divided by 507.
487
What is the remainder when 7880 is divided by 95?
90
What is the remainder when 3757 is divided by 69?
31
Calculate the remainder when 587225 is divided by 75.
50
What is the remainder when 195254 is divided by 466?
0
Calculate the remainder when 459104 is divided by 310.
304
What is the remainder when 6965 is divided by 2676?
1613
Calculate the remainder when 669 is divided by 3.
0
Calculate the remainder when 1751 is divided by 219.
218
What is the remainder when 56066 is divided by 21?
17
Calculate the remainder when 35965 is divided by 165.
160
What is the remainder when 4818 is divided by 212?
154
Calculate the remainder when 21697 is divided by 333.
52
What is the remainder when 665434 is divided by 836?
814
Calculate the remainder when 5351 is divided by 5344.
7
What is the remainder when 22530 is divided by 3755?
0
Calculate the remainder when 7474 is divided by 29.
21
What is the remainder when 9106 is divided by 910?
6
What is the remainder when 12165 is divided by 3977?
234
What is the remainder when 1642845 is divided by 422?
421
What is the remainder when 1372 is divided by 93?
70
What is the remainder when 2681 is divided by 190?
21
Calculate the remainder when 57308 is divided by 20.
8
What is the remainder when 2082 is divided by 30?
12
What is the remainder when 85058 is divided by 392?
386
Calculate the remainder when 190918 is divided by 23.
18
Calculate the remainder when 816 is divided by 164.
160
Calculate the remainder when 172313 is divided by 57429.
26
Calculate the remainder when 11403 is divided by 32.
11
Calculate the remainder when 20879 is divided by 110.
89
What is the remainder when 208489 is divided by 145?
124
What is the remainder when 130551 is divided by 3956?
3
Calculate the remainder when 1635 is divided by 343.
263
Calculate the remainder when 720899 is divided by 60.
59
What is the remainder when 2500 is divided by 170?
120
What is the remainder when 8555 is divided by 107?
102
What is the remainder when 3603 is divided by 511?
26
Calculate the remainder when 95396 is divided by 7947.
32
What is the remainder when 5292 is divided by 1046?
62
What is the remainder when 18527 is divided by 2314?
15
What is the remainder when 804755 is divided by 155?
150
Calculate the remainder when 2769 is divided by 1350.
69
Calculate the remainder when 745354 is divided by 176.
170
Calculate the remainder when 6007 is divided by 185.
87
Calculate the remainder when 5959 is divided by 288.
199
Calculate the remainder when 1878 is divided by 303.
60
What is the remainder when 142 is divided by 54?
34
What is the remainder when 17195 is divided by 289?
144
What is the remainder when 21860 is divided by 39?
20
What is the remainder when 406 is divided by 247?
159
What is the remainder when 1613 is divided by 498?
119
Calculate the remainder when 1648044 is divided by 76.
60
What is the remainder when 8348 is divided by 338?
236
Calculate the remainder when 196542 is divided by 238.
192
What is the remainder when 4201 is divided by 815?
126
What is the remainder when 3707 is divided by 561?
341
What is the remainder when 52879 is divided by 501?
274
Calculate the remainder when 630695 is divided by 4966.
13
What is the remainder when 25768 is divided by 1367?
1162
Calculate the remainder when 1941 is divided by 99.
60
What is the remainder when 272469 is divided by 90822?
3
What is the remainder when 367155 is divided by 413?
411
What is the remainder when 4049 is divided by 1347?
8
Calculate the remainder when 4003 is divided by 290.
233
Calculate the remainder when 615914 is divided by 4431.
5
Calculate the remainder when 1761 is divided by 29.
21
What is the remainder when 5977 is divided by 426?
13
What is the remainder when 35032 is divided by 27?
13
What is the remainder when 18514 is divided by 3052?
202
What is the remainder when 120982 is divided by 1287?
4
What is the remainder when 1699 is divided by 953?
746
Calculate the remainder when 48403 is divided by 325.
303
What is the remainder when 752982 is divided by 15?
12
What is the remainder when 50919 is divided by 82?
79
Calculate the remainder when 47029 is divided by 27.
22
Calculate the remainder when 279663 is divided by 28.
27
What is the remainder when 50309 is divided by 100?
9
Calculate the remainder when 2229 is divided by 107.
89
What is the remainder when 8133 is divided by 2?
1
What is the remainder when 896 is divided by 76?
60
What is the remainder when 14095 is divided by 792?
631
Calculate the remainder when 10359 is divided by 877.
712
Calculate the remainder when 568 is divided by 462.
106
Calculate the remainder when 3025 is divided by 321.
136
Calculate the remainder when 580503 is divided by 52772.
11
Calculate the remainder when 1278421 is divided by 1036.
1033
What is the remainder when 256268 is divided by 101?
31
What is the remainder when 5861 is divided by 5179?
682
What is the remainder when 11426 is divided by 61?
19
What is the remainder when 2474 is divided by 824?
2
What is the remainder when 27428 is divided by 2109?
11
What is the remainder when 566023 is divided by 22?
7
What is the remainder when 181066 is divided by 12?
10
Calculate the remainder when 28884 is divided by 2047.
226
Calculate the remainder when 12835 is divided by 12809.
26
Calculate the remainder when 5188 is divided by 56.
36
Calculate the remainder when 6431 is divided by 209.
161
Calculate the remainder when 16572 is divided by 1179.
66
What is the remainder when 18337 is divided by 2037?
4
Calculate the remainder when 51182 is divided by 316.
306
What is the remainder when 128037 is divided by 7?
0
Calculate the remainder when 29565 is divided by 77.
74
Calculate the remainder when 1584 is divided by 521.
21
Calculate the remainder when 140736 is divided by 177.
21
Calculate the remainder when 288597 is divided by 130.
127
Calculate the remainder when 77418 is divided by 245.
243
What is the remainder when 20992 is divided by 5248?
0
What is the remainder when 259729 is divided by 86542?
103
What is the remainder when 15554 is divided by 6?
2
Calculate the remainder when 2546 is divided by 805.
131
What is the remainder when 5009 is divided by 228?
221
Calculate the remainder when 9534 is divided by 14.
0
What is the remainder when 2823 is divided by 9?
6
Calculate the remainder when 235735 is divided by 373.
372
What is the remainder when 24169 is divided by 8054?
7
Calculate the remainder when 2457 is divided by 2427.
30
What is the remainder when 84746 is divided by 113?
109
What is the remainder when 58299 is divided by 4?
3
Calculate the remainder when 15128 is divided by 84.
8
What is the remainder when 654471 is divided by 248?
247
What is the remainder when 23524 is divided by 34?
30
What is the remainder when 262803 is divided by 27?
12
Calculate the remainder when 2658 is divided by 92.
82
What is the remainder when 982707 is divided by 44668?
11
What is the remainder when 1346 is divided by 24?
2
What is the remainder when 2581 is divided by 280?
61
What is t